{"id":4,"date":"2016-07-07T16:00:23","date_gmt":"2016-07-07T14:00:23","guid":{"rendered":"http:\/\/192.168.0.67\/sachse\/?page_id=4"},"modified":"2022-01-11T12:01:19","modified_gmt":"2022-01-11T11:01:19","slug":"willkommen","status":"publish","type":"page","link":"https:\/\/www.sachse-hochbau.de\/","title":{"rendered":"Willkommen"},"content":{"rendered":"<div class=\"style_SkipStroke_3 flowDefining\">\n<div class=\"text-content style_External_630_137\">\n<div class=\"style\">\n<p class=\"paragraph_style_2\"><strong>auf der Website der<\/strong><br \/>\n<em>Bauunternehmung Carsten Sachse GmbH &amp; Co. KG<\/em><\/p>\n<\/div>\n<p class=\"paragraph_style_2\"><img decoding=\"async\" loading=\"lazy\" class=\"aligncenter wp-image-303 size-full\" src=\"http:\/\/130.180.89.78\/sachse\/hochbau\/wp-content\/uploads\/2016\/07\/Sachse_auto.jpeg\" width=\"640\" height=\"427\" srcset=\"https:\/\/www.sachse-hochbau.de\/wp-content\/uploads\/2016\/07\/Sachse_auto.jpeg 640w, https:\/\/www.sachse-hochbau.de\/wp-content\/uploads\/2016\/07\/Sachse_auto-300x200.jpeg 300w\" sizes=\"(max-width: 640px) 100vw, 640px\" \/><\/p>\n<div class=\"style\">\n<div class=\"tinyText style_SkipStroke_2\"><strong><span class=\"style_2\">Unser mittelst\u00e4ndisches Familienunternehmen ist seit mehr als 20 Jahren im Gro\u00dfraum Witten erfolgreich im Hochbau t\u00e4tig.<br \/>\n<\/span><\/strong><\/div>\n<div class=\"tinyText style_SkipStroke_2\"><\/div>\n<p class=\"paragraph_style_3\"><strong>Sprechen Sie uns an &#8211; wir bauen gerne f\u00fcr Sie!<\/strong><\/p>\n<p><em>Tel: 02302\/62219<br \/>\nEmail: sachse-hochbau&commat;t-online.de<\/em><\/p>\n<hr \/>\n<\/div>\n<h6>Und wenn Sie einen Sportplatz oder einen Tennisplatz bauen m\u00f6chten&#8230;<a href=\"http:\/\/www.sachse-sportplatzbau.de\/\"><img decoding=\"async\" loading=\"lazy\" class=\"alignright wp-image-239\" src=\"http:\/\/www.sachse-hochbau.de\/wp-content\/uploads\/2016\/07\/logoSachseSB-300x212.png\" width=\"150\" height=\"106\" srcset=\"https:\/\/www.sachse-hochbau.de\/wp-content\/uploads\/2016\/07\/logoSachseSB-300x212.png 300w, https:\/\/www.sachse-hochbau.de\/wp-content\/uploads\/2016\/07\/logoSachseSB-768x543.png 768w, https:\/\/www.sachse-hochbau.de\/wp-content\/uploads\/2016\/07\/logoSachseSB-1024x724.png 1024w\" sizes=\"(max-width: 150px) 100vw, 150px\" \/><\/a><br \/>\nDann stehen wir Ihnen auch dabei mit Rat und Tat zur Seite.<br \/>\nKlicken Sie einfach rechts auf das Logo:<\/h6>\n<p>&nbsp;<\/p>\n<\/div>\n<\/div>\n","protected":false},"excerpt":{"rendered":"<p>auf der Website der Bauunternehmung Carsten Sachse GmbH &amp; Co. KG Unser mittelst\u00e4ndisches Familienunternehmen ist seit mehr als 20 Jahren im Gro\u00dfraum Witten erfolgreich im Hochbau t\u00e4tig. Sprechen Sie uns an &#8211; wir bauen gerne f\u00fcr Sie! Tel: 02302\/62219 Email: sachse-hochbau&commat;t-online.de Und wenn Sie einen Sportplatz oder einen Tennisplatz bauen m\u00f6chten&#8230; Dann stehen wir Ihnen <a class=\"read-more\" href=\"https:\/\/www.sachse-hochbau.de\/\">Read More&#8230;<\/a><\/p>\n","protected":false},"author":1,"featured_media":0,"parent":0,"menu_order":0,"comment_status":"closed","ping_status":"closed","template":"","meta":[],"_links":{"self":[{"href":"https:\/\/www.sachse-hochbau.de\/index.php\/wp-json\/wp\/v2\/pages\/4"}],"collection":[{"href":"https:\/\/www.sachse-hochbau.de\/index.php\/wp-json\/wp\/v2\/pages"}],"about":[{"href":"https:\/\/www.sachse-hochbau.de\/index.php\/wp-json\/wp\/v2\/types\/page"}],"author":[{"embeddable":true,"href":"https:\/\/www.sachse-hochbau.de\/index.php\/wp-json\/wp\/v2\/users\/1"}],"replies":[{"embeddable":true,"href":"https:\/\/www.sachse-hochbau.de\/index.php\/wp-json\/wp\/v2\/comments?post=4"}],"version-history":[{"count":55,"href":"https:\/\/www.sachse-hochbau.de\/index.php\/wp-json\/wp\/v2\/pages\/4\/revisions"}],"predecessor-version":[{"id":404,"href":"https:\/\/www.sachse-hochbau.de\/index.php\/wp-json\/wp\/v2\/pages\/4\/revisions\/404"}],"wp:attachment":[{"href":"https:\/\/www.sachse-hochbau.de\/index.php\/wp-json\/wp\/v2\/media?parent=4"}],"curies":[{"name":"wp","href":"https:\/\/api.w.org\/{rel}","templated":true}]}}